5
What is the remainder when 1553 is divided by 82?
77
Calculate the remainder when 1369 is divided by 11.
5
What is the remainder when 363 is divided by 119?
6
What is the remainder when 394 is divided by 77?
9
What is the remainder when 2465 is divided by 38?
33
Calculate the remainder when 353 is divided by 45.
38
Calculate the remainder when 1467 is divided by 16.
11
What is the remainder when 254 is divided by 7?
2
What is the remainder when 12281 is divided by 74?
71
What is the remainder when 69 is divided by 30?
9
Calculate the remainder when 24 is divided by 13.
11
What is the remainder when 1248 is divided by 6?
0
What is the remainder when 18957 is divided by 30?
27
Calculate the remainder when 279 is divided by 75.
54
Calculate the remainder when 4717 is divided by 5.
2
Calculate the remainder when 186 is divided by 19.
15
What is the remainder when 22054 is divided by 137?
134
What is the remainder when 7746 is divided by 9?
6
What is the remainder when 94 is divided by 27?
13
Calculate the remainder when 111 is divided by 6.
3
Calculate the remainder when 624 is divided by 90.
84
Calculate the remainder when 613 is divided by 56.
53
What is the remainder when 439 is divided by 63?
61
What is the remainder when 117 is divided by 44?
29
Calculate the remainder when 1497 is divided by 107.
106
Calculate the remainder when 296 is divided by 19.
11
What is the remainder when 108 is divided by 29?
21
Calculate the remainder when 2857 is divided by 54.
49
Calculate the remainder when 921 is divided by 278.
87
Calculate the remainder when 1243 is divided by 89.
86
What is the remainder when 19 is divided by 10?
9
Calculate the remainder when 27 is divided by 21.
6
What is the remainder when 11988 is divided by 11?
9
What is the remainder when 3138 is divided by 64?
2
What is the remainder when 382 is divided by 4?
2
Calculate the remainder when 414 is divided by 72.
54
What is the remainder when 18041 is divided by 62?
61
Calculate the remainder when 31 is divided by 10.
1
What is the remainder when 210 is divided by 122?
88
What is the remainder when 430 is divided by 22?
12
What is the remainder when 3052 is divided by 1003?
43
Calculate the remainder when 741 is divided by 80.
21
Calculate the remainder when 1303 is divided by 31.
1
Calculate the remainder when 276 is divided by 72.
60
What is the remainder when 422 is divided by 133?
23
What is the remainder when 400 is divided by 25?
0
Calculate the remainder when 530 is divided by 64.
18
What is the remainder when 150 is divided by 61?
28
What is the remainder when 547 is divided by 92?
87
Calculate the remainder when 12 is divided by 3.
0
What is the remainder when 131 is divided by 44?
43
Calculate the remainder when 827 is divided by 10.
7
Calculate the remainder when 10431 is divided by 10.
1
Calculate the remainder when 825 is divided by 79.
35
Calculate the remainder when 2674 is divided by 890.
4
What is the remainder when 109 is divided by 48?
13
Calculate the remainder when 672 is divided by 16.
0
Calculate the remainder when 301 is divided by 17.
12
Calculate the remainder when 14789 is divided by 30.
29
Calculate the remainder when 76 is divided by 62.
14
What is the remainder when 373 is divided by 15?
13
Calculate the remainder when 1308 is divided by 93.
6
What is the remainder when 8 is divided by 7?
1
What is the remainder when 105 is divided by 38?
29
What is the remainder when 2949 is divided by 6?
3
Calculate the remainder when 150 is divided by 69.
12
Calculate the remainder when 206 is divided by 42.
38
What is the remainder when 294 is divided by 59?
58
Calculate the remainder when 4912 is divided by 189.
187
What is the remainder when 12 is divided by 8?
4
Calculate the remainder when 321 is divided by 41.
34
What is the remainder when 224 is divided by 98?
28
What is the remainder when 11848 is divided by 17?
16
What is the remainder when 108 is divided by 39?
30
Calculate the remainder when 10109 is divided by 2523.
17
What is the remainder when 11249 is divided by 58?
55
What is the remainder when 359 is divided by 119?
2
What is the remainder when 1966 is divided by 22?
8
What is the remainder when 82 is divided by 63?
19
What is the remainder when 5437 is divided by 17?
14
What is the remainder when 248 is divided by 85?
78
Calculate the remainder when 161 is divided by 42.
35
What is the remainder when 946 is divided by 79?
77
What is the remainder when 3 is divided by 1?
0
Calculate the remainder when 1511 is divided by 42.
41
What is the remainder when 5422 is divided by 201?
196
Calculate the remainder when 11371 is divided by 144.
139
What is the remainder when 117 is divided by 35?
12
Calculate the remainder when 1468 is divided by 42.
40
Calculate the remainder when 4117 is divided by 2058.
1
Calculate the remainder when 3620 is divided by 19.
10
What is the remainder when 199 is divided by 29?
25
What is the remainder when 842 is divided by 211?
209
What is the remainder when 1171 is divided by 28?
23
Calculate the remainder when 115 is divided by 4.
3
Calculate the remainder when 457 is divided by 161.
135
What is the remainder when 1649 is divided by 28?
25
Calculate the remainder when 374 is divided by 15.
14
What is the remainder when 6 is divided by 5?
1
What is the remainder when 1502 is divided by 64?
30
Calculate the remainder when 156 is divided by 29.
11
Calculate the remainder when 2304 is divided by 58.
42
What is the remainder when 159 is divided by 83?
76
Calculate the remainder when 2746 is divided by 67.
66
What is the remainder when 157 is divided by 75?
7
Calculate the remainder when 66 is divided by 17.
15
What is the remainder when 167 is divided by 39?
11
What is the remainder when 962 is divided by 19?
12
What is the remainder when 1606 is divided by 49?
38
What is the remainder when 246 is divided by 107?
32
What is the remainder when 5073 is divided by 1684?
21
Calculate the remainder when 1040 is divided by 7.
4
What is the remainder when 1370 is divided by 85?
10
What is the remainder when 241 is divided by 56?
17
Calculate the remainder when 77 is divided by 5.
2
What is the remainder when 2417 is divided by 220?
217
Calculate the remainder when 1125 is divided by 23.
21
What is the remainder when 616 is divided by 429?
187
What is the remainder when 3309 is divided by 16?
13
What is the remainder when 62 is divided by 7?
6
Calculate the remainder when 1505 is divided by 10.
5
What is the remainder when 335 is divided by 72?
47
Calculate the remainder when 74 is divided by 3.
2
Calculate the remainder when 1144 is divided by 291.
271
What is the remainder when 218 is divided by 6?
2
What is the remainder when 788 is divided by 36?
32
Calculate the remainder when 69 is divided by 18.
15
What is the remainder when 606 is divided by 77?
67
What is the remainder when 836 is divided by 386?
64
Calculate the remainder when 72 is divided by 21.
9
What is the remainder when 1869 is divided by 26?
23
What is the remainder when 40 is divided by 22?
18
Calculate the remainder when 6334 is divided by 48.
46
Calculate the remainder when 968 is divided by 97.
95
Calculate the remainder when 119 is divided by 62.
57
Calculate the remainder when 108 is divided by 28.
24
Calculate the remainder when 1254 is divided by 601.
52
Calculate the remainder when 3528 is divided by 13.
5
Calculate the remainder when 646 is divided by 76.
38
Calculate the remainder when 7102 is divided by 64.
62
Calculate the remainder when 134 is divided by 45.
44
What is the remainder when 44 is divided by 38?
6
What is the remainder when 929 is divided by 157?
144
What is the remainder when 638 is divided by 48?
14
What is the remainder when 2993 is divided by 93?
17
What is the remainder when 274 is divided by 5?
4
What is the remainder when 604 is divided by 77?
65
What is the remainder when 16 is divided by 6?
4
What is the remainder when 1362 is divided by 1362?
0
What is the remainder when 8247 is divided by 15?
12
What is the remainder when 283 is divided by 32?
27
What is the remainder when 1464 is divided by 353?
52
Calculate the remainder when 251 is divided by 89.
73
What is the remainder when 126 is divided by 33?
27
Calculate the remainder whe